1?
-202013113300
In base 14, what is -13 + 9497342?
949732d
In base 2, what is 1011100100 + 1110010001110?
1111101110010
In base 16, what is 1f + -216bb6?
-216b97
In base 16, what is -16ec25b - -4?
-16ec257
In base 14, what is 1983d4a + -1?
1983d49
In base 14, what is 7bc57 - c?
7bc49
In base 7, what is -1015023 + 4606?
-1010114
In base 2, what is 11101101 + -10011011001101?
-10010111100000
In base 16, what is -2 - 121c561?
-121c563
In base 10, what is 495048 - -209?
495257
In base 2, what is -10101110001000 - -10101111101?
-10011000001011
In base 12, what is 4333705 + 1?
4333706
In base 12, what is -41 - 4836163?
-48361a4
In base 7, what is -5044604 + 260?
-5044314
In base 9, what is 260 - 24228?
-23858
In base 5, what is -22440044144 - 12?
-22440044211
In base 3, what is -102112221010 - 112?
-102112221122
In base 4, what is 113 - 1002101212030?
-1002101211311
In base 10, what is 42314 - -1068?
43382
In base 12, what is 898 + -12767?
-11a8b
In base 14, what is -2 + -b703b06?
-b703b08
In base 10, what is 16130 - 1?
16129
In base 3, what is 201221102 - -2021?
202000200
In base 7, what is -2 - 31645164?
-31645166
In base 8, what is -1452213111 - 3?
-1452213114
In base 11, what is 1 + 265096?
265097
In base 10, what is -3193 + 195?
-2998
In base 11, what is -5150740 + -22?
-5150762
In base 12, what is 7b0650a6 + -4?
7b0650a2
In base 2, what is -10 - -10000100011011100110000010?
10000100011011100110000000
In base 9, what is 2065 - 7273?
-5207
In base 11, what is -32 + 59a486?
59a454
In base 12, what is 41372 - -1087?
42439
In base 5, what is -11242412 - -13411?
-11224001
In base 11, what is 7a23 - -140?
8063
In base 8, what is -65 + 14476?
14411
In base 11, what is -98529aa + -5?
-9852a04
In base 16, what is 3 + 1495dc?
1495df
In base 3, what is 10220 + -102021012111?
-102021001121
In base 2, what is -10100000101 - 101010110111100001?
-101011001011100110
In base 10, what is -110336003 - 2?
-110336005
In base 10, what is 6 + 125261001?
125261007
In base 7, what is -15601 + -35112?
-54013
In base 13, what is 460911 - -a?
46091b
In base 4, what is 33132233012131 - -11?
33132233012202
In base 7, what is 1 - 6631252426?
-6631252425
In base 14, what is a043040 - 0?
a043040
In base 6, what is -15554 + -12014?
-32012
In base 14, what is -1277 - 8439?
-96b2
In base 8, what is -237046 - 3025?
-242073
In base 9, what is -7411721 - 2?
-7411723
In base 6, what is 34114022 - 2?
34114020
In base 15, what is -dd713c1 + 0?
-dd713c1
In base 3, what is 0 + -12201001102010?
-12201001102010
In base 8, what is -3572655250 - -2?
-3572655246
In base 12, what is 89574 + 3a4?
89958
In base 4, what is -2213112 + -12003033?
-20222211
In base 9, what is -78558210 + 0?
-78558210
In base 14, what is 17 - -30b50?
30b67
In base 13, what is -5279 + 36c?
-4c0a
In base 7, what is -2162020 - -3?
-2162014
In base 2, what is 10100001000100011101 - 11110111?
10100001000000100110
In base 9, what is 103 + -16308734?
-16308631
In base 2, what is 100011100010100000100111 - 1?
100011100010100000100110
In base 7, what is -111234 + -444?
-112011
In base 11, what is -896 - -95668?
94882
In base 15, what is a + 118eae?
118eb9
In base 15, what is -7 - 2e45bc?
-2e45c4
In base 16, what is e200 + 24?
e224
In base 4, what is 221310301120 + -101?
221310301013
In base 9, what is 1365 + 12836?
14312
In base 14, what is 716b6b - -3?
716b70
In base 13, what is -5 - 134a90b?
-134a913
In base 10, what is -14 - 333848?
-333862
In base 13, what is -3c19 - -204?
-3a15
In base 11, what is 3 - -76a27?
76a2a
In base 4, what is -10033001323 + 112?
-10033001211
In base 12, what is 19 - 155831?
-155814
In base 16, what is 2c87 + 52c7?
7f4e
In base 2, what is 110101000110100 - -11001000?
110101011111100
In base 4, what is -110 - 3311311?
-3312021
In base 3, what is -22022 - 1202102200?
-1202201222
In base 13, what is 761ac43 + 7?
761ac4a
In base 7, what is 11320064 + -30?
11320034
In base 9, what is 3175 + -7214?
-4028
In base 9, what is 2 + 2501653?
2501655
In base 16, what is 1f0c2b + -c?
1f0c1f
In base 2, what is 0 - -100000000010110000011110001?
100000000010110000011110001
In base 11, what is 231962 + 22?
231984
In base 2, what is 100 + 100110001010001110110001?
100110001010001110110101
In base 7, what is 40 - 1561230?
-1561160
In base 11, what is -a2683 - -75?
-a2609
In base 16, what is 235 + 2efb7?
2f1ec
In base 11, what is 11a476731 - 0?
11a476731
In base 9, what is -6704872 + -5?
-6704877
In base 10, what is 5 + -6443367?
-6443362
In base 11, what is 10 + -41367a0?
-4136790
In base 11, what is 6aa73126 + 6?
6aa73131
In base 15, what is -c1 + -8b02?
-8bc3
In base 14, what is 84 - -29a97?
29b3b
In base 15, what is -5d + 126a25?
1269b7
In base 6, what is 0 - 3220504042?
-3220504042
In base 7, what is -14666 + 113233?
65234
In base 12, what is -2 - -6015594?
6015592
In base 5, what is -1444 - 32440044?
-32442043
In base 11, what is 214065 + -76?
213a9a
In base 15, what is 4db - 2745?
-2259
In base 13, what is -3033c43 + -3?
-3033c46
In base 13, what is -62923 + 590?
-62363
In base 16, what is 596 + 530f?
58a5
In base 8, what is 2 + 41737134?
41737136
In base 14, what is -31b6 - 467?
-363d
In base 14, what is -618183a8 - 3?
-618183ab
In base 5, what is 104220304010 + -10?
104220304000
In base 15, what is 1dc + 1747b?
17668
In base 2, what is -100000010 + -1001011000000001111000?
-1001011000000101111010
In base 13, what is 451a60 + -a?
451a53
In base 14, what is b + 12a9544?
12a9551
In base 12, what is 23b5645 - 0?
23b5645
In base 3, what is 221212 + -21000021?
-20001102
In base 16, what is 34e + 228c9?
22c17
In base 7, what is -1402353 + 142?
-1402211
In base 14, what is -294222 - -1c1?
-294041
In base 7, what is -5 + -301215340?
-301215345
In base 16, what is 3721f + 3ac?
375cb
In base 8, what is -631227 + 3074?
-626133
In base 15, what is -166615 + -c?
-166622
In base 6, what is 0 - -25115301315?
25115301315
In base 10, what is -93 + 2473741?
2473648
In base 9, what is 234 - 2520150?
-2518815
In base 10, what is -7365489 + 2?
-7365487
In base 2, what is 10011010111000 + 110100110?
10100001011110
In base 10, what is 22023 - 1065?
20958
In base 11, what is -2681802 - -40?
-2681772
In base 2, what is 101100111110 + -110010001011?
-101001101
In base 16, what is -2 - 23ed52e?
-23ed530
In base 15, what is 244687 - 17?
244670
In base 11, what is -13 + 359696?
359683
In base 4, what is 3 + -131220232301?
-131220232232
In base 9, what is 3 - 2543883?
-2543880
In base 9, what is -12 + 4257001?
4256878
In base 5, what is 2244241 - -10413?
2310204
In base 2, what is 100111000 - -1001111111101001?
1010000100100001
In base 3, what is -102220011011 + -11022?
-102220022110
In base 13, what is 6133 + -913?
5520
In base 7, what is -114334053 + 3?
-114334050
In base 16, what is 4af5 + 90?
4b85
In base 2, what is 101001111111011100101 - -1000110100?
101010000000100011001
In base 4, what is -2 - -3202011002?
3202011000
In base 14, what is -313 + -13974?
-13c87
In base 15, what is 3 + 17cae2?
17cae5
In base 7, what is 3 - -1653443154?
1653443160
In base 12, what is 6 - -27a7418?
27a7422
In base 7, what is 30366533 + -15?
30366515
In base 13, what is 704 + -29832?
-2912b
In base 9, what is -138830 + -28?
-138858
In base 12, what is 3 + 2366bb2?
2366bb5
In base 5, what is 210203401140 + 2?
210203401142
In base 14, what is -25 - 892634?
-892659
In base 5, what is 20 + 24233142?
24233212
In base 8, what is -170 + -1237535?
-1237725
In base 11, what is 3498 - -2749?
6136
In base 9, what is 13 - 743736?
-743723
In base 5, what is -30112 + -34300?
-114412
In base 3, what is -10102 + -1020210122101?
-1020210202210
In base 4, what is 11 + 333223103223?
333223103300
In base 5, what is 13213211 + -424?
13212232
In base 10, what is 5 - 3736370?
-3736365
In base 8, what is 27 - -537507?
537536
In base 12, what is 82397a - -19?
823997
In base 6, what is 44343 - 24444?
15455
In base 11, what is 58 + -a739?
-a691
In base 12, what is -25532150 + 8?
-25532144
In base 10, what is -34438 + -1449?
-35887
In base 3, what is 211011001 - 121112201?
12121100
In base 15, what is 2a8 + a910?
abb8
In base 2, what is 11001001100100101100001 + 111100?
11001001100100110011101
In base 2, what is 11010 + -1110001011000101?
-1110001010101011
In base 12, what is 